0. What is the units digit of 2/((p/51)/1)?
7
Suppose 0 = u - 5*x - 20, u = -3*u - 4*x + 8. Let z = 5 - u. Suppose -q - 4*q + 5 = z. What is the units digit of q?
1
Let q = 212 - 314. Let v = 158 + q. What is the units digit of v?
6
Suppose 0 = -3*p + 191 - 62. What is the tens digit of p?
4
Let l be ((-30)/4)/(3/(-4)). What is the units digit of 116/l - 8/(-20)?
2
Let v be ((-10)/4)/((-2)/4). Suppose -5*q + 150 = -v*h, 0*h + 5*h + 42 = q. What is the units digit of q?
7
Let m(g) = 2*g - 1. Let d be (-30)/4*6/(-9). What is the units digit of m(d)?
9
Suppose -4*u - 144 = 2*t, 0 = -u - 3*t - t - 29. Let o = 56 + u. What is the tens digit of o?
1
Let o(x) = x**3 - 13*x**2 + 11*x + 29. What is the tens digit of o(12)?
1
Let r(c) = -c**3 - 4*c**2 - 4*c - 3. Let b be r(-3). Let h = 0 + b. Suppose 0 = -h*a + a - 6. What is the units digit of a?
6
Let c = 53 + -32. Let n be (-2)/(-2)*-2 + 31. Let b = n - c. What is the units digit of b?
8
Suppose -4*k = 4*n, -10 + 2 = 4*n. Suppose 0*m - 4*u + 26 = 2*m, -k*m = 2*u - 16. Suppose -6*v = -m*v - 12. What is the units digit of v?
4
Suppose -49 = -3*c - 16. Suppose -f - x + 1 = 2*x, 2*x + c = f. Suppose 2 = 3*g - f. What is the units digit of g?
3
What is the tens digit of (-5 - -3)*(1 + (-438)/4)?
1
Let u(b) = b**2 + 7*b - 3. Suppose -2*t + 3*j + 12 = 0, 0*j + 8 = -4*t - 2*j. Suppose 0 = -x + 2*y, 4*x + 20 = -t*y + 3*y. What is the units digit of u(x)?
5
Let k = -6 + 57. Suppose -2*t - k = -5*t. What is the tens digit of t?
1
Let x = 57 + -32. What is the units digit of x?
5
Let f(v) = 2*v - v**2 - 1 + 4 - 1 + 2*v**2. Let m = 7 - 11. What is the units digit of f(m)?
0
Let w(n) = -5*n**2 + n. Let k be w(-1). What is the units digit of 9/(-6)*80/k?
0
Suppose -5*d + 12 = -d. Suppose -2*q = -3*s + 2, 2*q + 5 - d = -s. Suppose 5*a - 2*a + t - 16 = s, -12 = -3*t. What is the units digit of a?
4
Let d(q) = -2*q**2 - 21*q + 12. What is the tens digit of d(-9)?
3
Suppose 5 = -5*m, -6*m + 3*m + 302 = 5*y. What is the units digit of y?
1
Let i = 51 - 7. What is the units digit of i?
4
Suppose 0 = 4*k - 9*k + 40. Let v(d) = -d + 6. Let b be v(k). What is the units digit of 111/21 - b/(-7)?
5
Let u(s) = s**3 + 4*s**2 - 3*s - 2. Let v be u(-5). Let z be v*(-2 - 1/3). Suppose 2 = 3*b - z. What is the tens digit of b?
1
Suppose 0 = b - 5*i - 66, -5*i - 200 = -4*b - i. What is the units digit of b?
6
Suppose 2*u = 7*u - 35. Let q = 12 - u. What is the units digit of q?
5
Suppose -w = w + 16. Let i = w + 9. What is the units digit of i?
1
Suppose 0 = 2*p - 3*c - 124, 0 = -p - p - 4*c + 96. What is the units digit of p?
6
Suppose 3 = -o - 6. Let u = -1 - o. What is the units digit of u?
8
Let y(v) = 2*v - 7. What is the tens digit of y(15)?
2
Suppose 3*f = -4*m + 22, 4*m + f - 2 = 16. Suppose -m*p + 53 = q + 19, -2*q + 54 = p. What is the tens digit of q?
2
Let a(w) = -w**2 - 8*w + 10. Suppose 5 = -5*y - 35. What is the units digit of a(y)?
0
Suppose 3*k + 14 - 59 = 0. Let n be 84/k - (-2)/5. What is the units digit of n/4*6*1?
9
Let q(z) = -2*z + 1. Suppose 1 = 5*p + 11. Let a be q(p). Suppose -a*w = k - 4*k + 38, -5*k + 50 = -5*w. What is the units digit of k?
6
Let t be 4/14 + (-162)/(-21). Let p = 19 - t. What is the tens digit of p?
1
Suppose 0 = -4*q + 2*g - 7*g - 13, 0 = -q + 5*g + 28. Suppose 0 = q*u + 5*r - 4, 4 = -2*r - 2*r. What is the units digit of u?
3
Let j(a) = 32*a**2 - 5*a - 3. What is the tens digit of j(2)?
1
Suppose 820 = 7*g - 2*g. Suppose -3*l + 4*h + g - 62 = 0, -4*l = -2*h - 126. What is the tens digit of l?
3
What is the tens digit of 22 - (-1 - (4 - 5))?
2
Let r be 4/8*3*2. Let c = r - -7. What is the tens digit of c?
1
Let f = -93 - -484. What is the units digit of f?
1
Suppose -2*j + 0*j + 32 = 0. What is the units digit of j?
6
Suppose -2*v + 66 = -0*v. What is the tens digit of v?
3
Suppose -5*y + 47 = -43. Let s be 3/y - (-29)/6. Suppose 17 = m + s. What is the units digit of m?
2
Let w(t) = t - 2. Let l be w(4). Suppose -l*o + 33 = o. What is the units digit of o?
1
Let g = -3 - 2. Let n(x) = -x**2 - 4*x + 5. Let v be n(g). Suppose 2 = o - v. What is the units digit of o?
2
Let m = 71 - 41. Suppose -5*k + 38 = 3*s, 4*s = 4*k + 134 - m. What is the units digit of s - -1*(-6)/2?
8
Suppose 61 - 155 = 2*h - 4*z, 0 = 5*h + 2*z + 223. What is the units digit of (-1025)/h - 2/(-9)?
3
Suppose 4*p + 2*p = 102. Let t = 23 - p. What is the units digit of t?
6
Suppose 2*g - 4*g - 4*k - 12 = 0, -4*g = 5*k + 15. Let p(m) = g - 1 + 2*m - m. What is the units digit of p(9)?
8
Suppose -2*u + 4 = 2*p, 7 = -u + 2*p - 0*p. What is the tens digit of ((-6)/(-5))/(u/(-15))?
1
Let h(o) = 7*o - 16. What is the tens digit of h(9)?
4
Let k be (0 - -1) + 2*2. Let s = k + -9. Let n(d) = -d**2 - 6*d - 1. What is the units digit of n(s)?
7
Let u = -57 - -64. What is the units digit of u?
7
Let l(f) = -f**3 - 13*f**2 - 13*f - 8. What is the units digit of l(-12)?
4
Suppose -39 - 47 = -2*t. What is the units digit of t?
3
What is the units digit of 64/6 - 3/(-9)?
1
Let g(b) = 33*b - 4. Let c be g(3). Let u = -66 + c. What is the tens digit of u?
2
Let u(k) = 61*k**2 - 8*k + 8. What is the units digit of u(2)?
6
Let x(k) = -k**3 - 12*k**2 + 10*k - 3. What is the tens digit of x(-13)?
3
Let c = 124 + -88. What is the tens digit of c?
3
Suppose -a + 2*a + 4*x = 5, 2*a - 1 = -5*x. Let l = 15 + a. What is the units digit of l?
8
Let u be ((-40)/12)/(1/(-6)). Suppose u = 2*q - q. Suppose 5*k - q = k. What is the units digit of k?
5
Let h = -33 - 18. Let a = 76 + h. Suppose -5*k + 0*k = -a. What is the units digit of k?
5
Let t = 33 - -158. What is the tens digit of t?
9
Let b(u) = 53*u**2 + u. What is the units digit of b(1)?
4
Let j = 346 - 246. What is the tens digit of j?
0
Suppose -3*g = -6*g + 249. What is the units digit of g?
3
Suppose -12*u + 2*u + 450 = 0. What is the tens digit of u?
4
Let i(r) be the first derivative of -r**4/2 + 2*r**3/3 + r**2/2 - r - 2. What is the units digit of i(-2)?
1
Suppose -2*b + 203 = 5*r, 2*r - 4*b = -5*b + 82. What is the tens digit of r?
3
Suppose -3*l - 6 = -3. Let y(n) = -2*n - n**3 + n - 2*n**3 - n**3. What is the units digit of y(l)?
5
Suppose -4*f + 5*l = 55 - 448, -3*f + l + 292 = 0. What is the tens digit of f?
9
Suppose 0 = -p - 2 + 6. Suppose -3*l + p*l = 2*t + 7, 0 = -3*l - 5*t + 65. What is the units digit of l?
5
Let g be (0 - -1) + 52 - 2. Let h = -36 + g. What is the units digit of h?
5
Suppose -19 + 139 = 4*m. What is the units digit of m?
0
Let q = -55 + 81. What is the tens digit of q?
2
Suppose 0 = -2*w + 6*w - 20. Suppose 4*x = -3*z + 39, 0*z + 4*z = w*x - 72. What is the tens digit of x?
1
Let b(c) = c - 8. Let r be b(14). What is the units digit of ((-28)/r - -4)*-6?
4
Suppose 0 = n - 0*n - 21. What is the tens digit of n?
2
Let q(f) = f**2 - 3*f + 6. What is the units digit of q(5)?
6
What is the hundreds digit of ((-5)/((-25)/78))/((-13)/(-260))?
3
Let g = 1 - 1. Suppose -2*f + g*f + 16 = 0. What is the units digit of f?
8
Suppose 0 = 4*z + z - 50. Suppose z = 5*j - t - 12, 5*t = 2*j + 5. What is the units digit of j?
5
Let y = 119 + -83. What is the units digit of y?
6
Let u = 37 - 2. What is the units digit of u?
5
Let q = -59 + 148. What is the tens digit of q?
8
Let x be (-14)/(-5) + (-1)/(-5). Suppose -x*b + 2 = -2*b. What is the units digit of 6 + -2 + b/1?
6
Suppose -3*b = -7*b - 16. Suppose 0 = -3*i + 3*d + 18, -3*i + 4*d = -4*i + 31. Let t = b + i. What is the units digit of t?
7
Let f be 5/3*(-12)/(-4). Suppose 16 = 3*l - f*b, 3*l + 4*b + 3 = 1. What is the units digit of l?
2
Suppose -5*a + 0*l = 3*l - 40, -3*a + 4*l - 5 = 0. Let g(i) = -2*i + 8. Let z be g(2). What is the tens digit of (a + 3)/(z/10)?
2
Let i be 2*2 + 6/(-3). Let r(w) = -2*w**2 + 6*w - 4 + 0 + 3*w**i. What is the units digit of r(-7)?
3
Let w = -74 - -112. What is the tens digit of w?
3
Let r = 53 - 38. Suppose d + d = 3*t - 9, 3*d + 5*t - r = 0. What is the units digit of 1 + (-2 - d - -3)?
2
Suppose -3*y = -4*b - 24, -4*y = y + 4*b - 8. Suppose -m = -i + 9, -3*m - 11 = y*i - 61. What is the units digit of i?
1
Let w = 80 - 44. Suppose -x - 6 = -w. What is the units digit of x?
0
Let x(o) = -4*o**3 + o**2 + 2*o + 3. What is the tens digit of x(-2)?
3
Let x = 5 + 65. Suppose -2*p = 3*